{"id":103,"date":"2018-12-20T15:22:41","date_gmt":"2018-12-20T14:22:41","guid":{"rendered":"http:\/\/www.haantv.de\/?page_id=103"},"modified":"2022-08-17T08:07:37","modified_gmt":"2022-08-17T06:07:37","slug":"aussergewoehnliches","status":"publish","type":"page","link":"https:\/\/haaner-kirmes.de\/index.php\/aussergewoehnliches\/","title":{"rendered":"Au\u00dfergew\u00f6hnliches"},"content":{"rendered":"\n<p><\/p>\n\n\n\n<p>Und wem das Alles noch nicht genug ist, der kann nach dem Ende des Kirmestages noch die zahlreichen Gastst\u00e4tten rund um das Kirmesgel\u00e4nde aufsuchen. Dort ist fast rund um die Uhr ge\u00f6ffnet und m\u00e4chtig viel los.<\/p>\n","protected":false},"excerpt":{"rendered":"<p>Und wem das Alles noch nicht genug ist, der kann nach dem Ende des Kirmestages noch die zahlreichen Gastst\u00e4tten rund um das Kirmesgel\u00e4nde aufsuchen. Dort ist fast rund um die Uhr ge\u00f6ffnet und m\u00e4chtig viel los.<\/p>\n","protected":false},"author":1,"featured_media":0,"parent":0,"menu_order":0,"comment_status":"closed","ping_status":"closed","template":"","meta":[],"_links":{"self":[{"href":"https:\/\/haaner-kirmes.de\/index.php\/wp-json\/wp\/v2\/pages\/103"}],"collection":[{"href":"https:\/\/haaner-kirmes.de\/index.php\/wp-json\/wp\/v2\/pages"}],"about":[{"href":"https:\/\/haaner-kirmes.de\/index.php\/wp-json\/wp\/v2\/types\/page"}],"author":[{"embeddable":true,"href":"https:\/\/haaner-kirmes.de\/index.php\/wp-json\/wp\/v2\/users\/1"}],"replies":[{"embeddable":true,"href":"https:\/\/haaner-kirmes.de\/index.php\/wp-json\/wp\/v2\/comments?post=103"}],"version-history":[{"count":4,"href":"https:\/\/haaner-kirmes.de\/index.php\/wp-json\/wp\/v2\/pages\/103\/revisions"}],"predecessor-version":[{"id":964,"href":"https:\/\/haaner-kirmes.de\/index.php\/wp-json\/wp\/v2\/pages\/103\/revisions\/964"}],"wp:attachment":[{"href":"https:\/\/haaner-kirmes.de\/index.php\/wp-json\/wp\/v2\/media?parent=103"}],"curies":[{"name":"wp","href":"https:\/\/api.w.org\/{rel}","templated":true}]}}