{"id":77,"date":"2018-12-20T15:15:24","date_gmt":"2018-12-20T14:15:24","guid":{"rendered":"http:\/\/www.haantv.de\/?page_id=77"},"modified":"2023-07-07T12:01:01","modified_gmt":"2023-07-07T10:01:01","slug":"informationen","status":"publish","type":"page","link":"https:\/\/haaner-kirmes.de\/index.php\/informationen\/","title":{"rendered":"Informationen"},"content":{"rendered":"\n<p><\/p>\n\n\n\n<p><strong>Sie suchen:<\/strong><br>Das ganz besondere Vergn\u00fcgen?<br>Etwas Nervenkitzel?<br>Speisen und Getr\u00e4nke in riesiger Auswahl?<\/p>\n\n\n\n<p><strong>Sie wollen:<\/strong><br>Mal wieder richtig feiern?<br>Eine bunte Erlebniswelt?<br>Leuten beim Flanieren zusehen?<br>Mit der Familie einen Ausflug genie\u00dfen?<\/p>\n\n\n\n<p><strong>Wo?<\/strong><br>Nat\u00fcrlich auf der Haaner Kirmes ! \u00dcber 200 Schaustellerbetriebe sorgen f\u00fcr Ihre perfekte Unterhaltung und jedes Jahr \u00fcber 400.000 Besucher k\u00f6nnen nicht irren!<br>Ein Volksfest der ganz besonderen Art.<\/p>\n","protected":false},"excerpt":{"rendered":"<p>Sie suchen:Das ganz besondere Vergn\u00fcgen?Etwas Nervenkitzel?Speisen und Getr\u00e4nke in riesiger Auswahl? Sie wollen:Mal wieder richtig feiern?Eine bunte Erlebniswelt?Leuten beim Flanieren zusehen?Mit der Familie einen Ausflug genie\u00dfen? Wo?Nat\u00fcrlich auf der Haaner Kirmes ! \u00dcber 200 Schaustellerbetriebe sorgen f\u00fcr Ihre perfekte Unterhaltung und jedes Jahr \u00fcber 400.000 Besucher k\u00f6nnen nicht irren!Ein Volksfest der ganz besonderen Art.<\/p>\n","protected":false},"author":1,"featured_media":0,"parent":0,"menu_order":0,"comment_status":"closed","ping_status":"closed","template":"","meta":[],"_links":{"self":[{"href":"https:\/\/haaner-kirmes.de\/index.php\/wp-json\/wp\/v2\/pages\/77"}],"collection":[{"href":"https:\/\/haaner-kirmes.de\/index.php\/wp-json\/wp\/v2\/pages"}],"about":[{"href":"https:\/\/haaner-kirmes.de\/index.php\/wp-json\/wp\/v2\/types\/page"}],"author":[{"embeddable":true,"href":"https:\/\/haaner-kirmes.de\/index.php\/wp-json\/wp\/v2\/users\/1"}],"replies":[{"embeddable":true,"href":"https:\/\/haaner-kirmes.de\/index.php\/wp-json\/wp\/v2\/comments?post=77"}],"version-history":[{"count":5,"href":"https:\/\/haaner-kirmes.de\/index.php\/wp-json\/wp\/v2\/pages\/77\/revisions"}],"predecessor-version":[{"id":1132,"href":"https:\/\/haaner-kirmes.de\/index.php\/wp-json\/wp\/v2\/pages\/77\/revisions\/1132"}],"wp:attachment":[{"href":"https:\/\/haaner-kirmes.de\/index.php\/wp-json\/wp\/v2\/media?parent=77"}],"curies":[{"name":"wp","href":"https:\/\/api.w.org\/{rel}","templated":true}]}}