{"id":826,"date":"2021-09-21T14:22:35","date_gmt":"2021-09-21T12:22:35","guid":{"rendered":"https:\/\/www.haantv.de\/?page_id=826"},"modified":"2021-09-21T14:22:36","modified_gmt":"2021-09-21T12:22:36","slug":"bounty","status":"publish","type":"page","link":"https:\/\/haaner-kirmes.de\/index.php\/bounty\/","title":{"rendered":"Bounty"},"content":{"rendered":"\n<figure class=\"wp-block-image size-large\"><img loading=\"lazy\" width=\"1024\" height=\"724\" src=\"https:\/\/www.haantv.de\/wp-content\/uploads\/2021\/09\/doc20110525073627_001-1024x724.jpg\" alt=\"\" class=\"wp-image-827\" srcset=\"https:\/\/haaner-kirmes.de\/wp-content\/uploads\/2021\/09\/doc20110525073627_001-1024x724.jpg 1024w, https:\/\/haaner-kirmes.de\/wp-content\/uploads\/2021\/09\/doc20110525073627_001-300x212.jpg 300w, https:\/\/haaner-kirmes.de\/wp-content\/uploads\/2021\/09\/doc20110525073627_001-768x543.jpg 768w, https:\/\/haaner-kirmes.de\/wp-content\/uploads\/2021\/09\/doc20110525073627_001-1536x1086.jpg 1536w, https:\/\/haaner-kirmes.de\/wp-content\/uploads\/2021\/09\/doc20110525073627_001-2048x1448.jpg 2048w\" sizes=\"(max-width: 1024px) 100vw, 1024px\" \/><\/figure>\n\n\n\n<p>Kaiserstr. 63<br>Der gro\u00dfe Spa\u00df f\u00fcr kleine Piraten, Fa. B. Bossle<\/p>\n","protected":false},"excerpt":{"rendered":"<p>Kaiserstr. 63Der gro\u00dfe Spa\u00df f\u00fcr kleine Piraten, Fa. B. Bossle<\/p>\n","protected":false},"author":4,"featured_media":0,"parent":0,"menu_order":0,"comment_status":"closed","ping_status":"closed","template":"","meta":[],"_links":{"self":[{"href":"https:\/\/haaner-kirmes.de\/index.php\/wp-json\/wp\/v2\/pages\/826"}],"collection":[{"href":"https:\/\/haaner-kirmes.de\/index.php\/wp-json\/wp\/v2\/pages"}],"about":[{"href":"https:\/\/haaner-kirmes.de\/index.php\/wp-json\/wp\/v2\/types\/page"}],"author":[{"embeddable":true,"href":"https:\/\/haaner-kirmes.de\/index.php\/wp-json\/wp\/v2\/users\/4"}],"replies":[{"embeddable":true,"href":"https:\/\/haaner-kirmes.de\/index.php\/wp-json\/wp\/v2\/comments?post=826"}],"version-history":[{"count":1,"href":"https:\/\/haaner-kirmes.de\/index.php\/wp-json\/wp\/v2\/pages\/826\/revisions"}],"predecessor-version":[{"id":828,"href":"https:\/\/haaner-kirmes.de\/index.php\/wp-json\/wp\/v2\/pages\/826\/revisions\/828"}],"wp:attachment":[{"href":"https:\/\/haaner-kirmes.de\/index.php\/wp-json\/wp\/v2\/media?parent=826"}],"curies":[{"name":"wp","href":"https:\/\/api.w.org\/{rel}","templated":true}]}}